1?
2333
In base 14, what is a0 + 2?
a2
In base 4, what is 123 - 11?
112
In base 13, what is -18c + 6?
-186
In base 9, what is 38 + -4?
34
In base 9, what is -7 - 20?
-27
In base 16, what is -5 - a7?
-ac
In base 10, what is -1 + 63?
62
In base 11, what is 1938 - 4?
1934
In base 9, what is 448 + -1?
447
In base 8, what is 14 + 5?
21
In base 16, what is 141 + -8?
139
In base 12, what is 6173 - 2?
6171
In base 13, what is 2 - 15c?
-15a
In base 12, what is -23 - b0?
-113
In base 2, what is 0 + -111010001?
-111010001
In base 13, what is -1 + -454?
-455
In base 15, what is 4 - -c76?
c7a
In base 6, what is 1344 + 4?
1352
In base 9, what is 7 + 585?
603
In base 15, what is -1 - -597?
596
In base 10, what is 609 + 4?
613
In base 13, what is 0 - -87?
87
In base 11, what is 0 + 4a?
4a
In base 3, what is 2 - 22?
-20
In base 14, what is 4c - 8?
44
In base 2, what is 110110 + -110?
110000
In base 3, what is 1 - 20012201?
-20012200
In base 14, what is 1 - 23?
-22
In base 9, what is 0 - 88?
-88
In base 4, what is -2301001 + -10?
-2301011
In base 12, what is -3 + -3bab?
-3bb2
In base 9, what is -15 - -284?
268
In base 14, what is -304 + 3?
-301
In base 7, what is -36 + 3?
-33
In base 12, what is 9 - a0b?
-a02
In base 4, what is 1 - 230?
-223
In base 7, what is 2603 + -1?
2602
In base 8, what is 7 - 372?
-363
In base 4, what is 10 + -110?
-100
In base 2, what is 11100010010 - -101?
11100010111
In base 8, what is -5 + 5?
0
In base 2, what is 100100 + 111?
101011
In base 11, what is 12 - 1?
11
In base 14, what is -b - 18?
-25
In base 9, what is -160 - -1?
-158
In base 6, what is 3413 - 0?
3413
In base 12, what is 9ab - 1?
9aa
In base 11, what is -6 - 52a?
-535
In base 15, what is 2 + -b5?
-b3
In base 14, what is -4 - -1c?
18
In base 16, what is 1 + -25b?
-25a
In base 16, what is 0 - -3f?
3f
In base 7, what is -5 - -124?
116
In base 14, what is 2 - -2d2?
2d4
In base 11, what is 80 - 2?
79
In base 4, what is 10312120 + -11?
10312103
In base 8, what is 113 - 36?
55
In base 11, what is 110 + 2?
112
In base 11, what is -1 + -36?
-37
In base 14, what is 0 + -92?
-92
In base 7, what is -11 + 2323?
2312
In base 15, what is 1 + 214?
215
In base 12, what is a + -113?
-105
In base 14, what is 2b + -2?
29
In base 13, what is -68 - 2?
-6a
In base 10, what is -4 + -444?
-448
In base 16, what is c05 - 3?
c02
In base 4, what is 3023 + 11?
3100
In base 6, what is 12455 - 3?
12452
In base 8, what is -36101 + -2?
-36103
In base 5, what is 102 + -204?
-102
In base 15, what is -3511 + -1?
-3512
In base 15, what is 6 + ce?
d5
In base 11, what is 625 - 5?
620
In base 13, what is -3 - -1b18?
1b15
In base 6, what is 14 - -414?
432
In base 5, what is 2 - 2001?
-1444
In base 14, what is -2 - -228?
226
In base 16, what is -99 + 2?
-97
In base 2, what is 11001 + 11101010?
100000011
In base 15, what is -357 - 5?
-35c
In base 7, what is -160 + -3?
-163
In base 10, what is -417 + 2?
-415
In base 16, what is 0 - 21e?
-21e
In base 6, what is 21220 + -4?
21212
In base 13, what is -7 + 110?
106
In base 16, what is 34 - -10?
44
In base 6, what is -5 + -20433?
-20442
In base 11, what is 51 + -2?
4a
In base 14, what is 9d0 - 3?
9cb
In base 12, what is 1 + -1004?
-1003
In base 10, what is -3 - -238?
235
In base 9, what is -2 - -528?
526
In base 10, what is 6 - -357?
363
In base 2, what is 10101 + -1111?
110
In base 3, what is 100111112 + -1?
100111111
In base 15, what is -4 - 105?
-109
In base 12, what is -2 + 3631?
362b
In base 3, what is 11 + -22001?
-21220
In base 9, what is 17 - -12?
30
In base 5, what is -110 + -1?
-111
In base 7, what is 1 - 4660?
-4656
In base 5, what is -3 - 141?
-144
In base 9, what is -152 - -8?
-143
In base 10, what is -4 - -189?
185
In base 12, what is -61 - -20?
-41
In base 14, what is 2 - b?
-9
In base 6, what is 1 - 5453?
-5452
In base 14, what is 2 - -27?
29
In base 13, what is 731 - 5?
729
In base 10, what is 8 - -12?
20
In base 7, what is -5 + 346?
341
In base 13, what is -344 + 2?
-342
In base 13, what is 46b - -7?
475
In base 9, what is 5 - 612?
-606
In base 9, what is -2 - 43?
-45
In base 5, what is 202232 - -4?
202241
In base 5, what is -3 + -140001?
-140004
In base 15, what is 3 - -3ee?
402
In base 7, what is -112 + -134?
-246
In base 12, what is 1 + -23?
-22
In base 14, what is 5 - -2a0?
2a5
In base 12, what is 5903 + -2?
5901
In base 9, what is 67 + 3?
71
In base 14, what is 0 + -45?
-45
In base 14, what is d7 - -38?
131
In base 11, what is -1 - -85?
84
In base 11, what is -353 + 3?
-350
In base 3, what is -12 - 1020?
-1102
In base 8, what is -3 + 1305?
1302
In base 8, what is 2 + -561?
-557
In base 11, what is 234 + 2?
236
In base 3, what is -2120 - 10?
-2200
In base 10, what is -331 + 5?
-326
In base 4, what is -313 - 113?
-1032
In base 15, what is 62 - -1?
63
In base 13, what is -4 + 6a?
66
In base 7, what is 3 - -605?
611
In base 5, what is 1430 - 1?
1424
In base 5, what is -124 - 301?
-430
In base 2, what is -100 + 10001001111110?
10001001111010
In base 14, what is 4 - 3b?
-37
In base 10, what is 17 - -184?
201
In base 12, what is -54 - -1?
-53
In base 3, what is 1 + 20122?
20200
In base 10, what is -3159 - -3?
-3156
In base 16, what is -20 - -4?
-1c
In base 13, what is 2 - -ba9?
bab
In base 15, what is -2a + 9?
-21
In base 8, what is -2104 + 1?
-2103
In base 9, what is 1081 - 0?
1081
In base 8, what is 3 - -1207?
1212
In base 16, what is 18fd - 1?
18fc
In base 3, what is -202112 + -12?
-202201
In base 7, what is 2 - 245?
-243
In base 11, what is 1a + -54?
-35
In base 4, what is 1020 + 31?
1111
In base 9, what is -277 - 3?
-281
In base 10, what is -6 - -951?
945
In base 12, what is -3 - -141?
13a
In base 7, what is 14 + 55?
102
In base 13, what is -94 + -50?
-114
In base 16, what is 63a + -3?
637
In base 13, what is 4 + 87?
8b
In base 2, what is -11 + -100111011?
-100111110
In base 6, what is -3 + 235?
232
In base 14, what is -1 - -d6?
d5
In base 7, what is -121 - -56?
-32
In base 11, what is -a9 + 4?
-a5
In base 4, what is -32121 - 2?
-32123
In base 7, what is -4 + -620?
-624
In base 7, what is 601 + 53?
654
In base 12, what is -20 - -5?
-17
In base 13, what is 57 + -6?
51
In base 12, what is -2 + -50?
-52
In base 6, what is -40342 - 3?
-40345
In base 15, what is 14 + -5?
e
In base 11, what is 3 + 151?
154
In base 3, what is -10 - 1211?
-1221
In base 9, what is 2 - -175?
177
In base 11, what is 8 - -a?
17
In base 15, what is -71b + 2?
-719
In base 14, what is -3 + 44a?
447
In base 11, what is 34 + 203?
237
In base 11, what is 7 - 57?
-50
In base 10, what is -4 + -15?
-19
In base 13, what is 0 + 51?
51
In base 8, what is 13 + 1667?
1702
In base 8, what is -26 + -6?
-34
In base 12, what is -24 - a?
-32
In base 10, what is -26 - 3?
-29
In base 2, what is 10101010 + 111?
10110001
In base 15, what is 1 + 559?
55a
In base 10, what is -2 + 49?
47
In base 12, what is 4 - 5b?
-57
In base 12, what is b7 + 4?
bb
In base 12, what is -1 - -335a?
3359
In base 8, what is 2 - -306?
310
In base 3, what is 120 + 211?
1101
In base 6, what is -1314 + -3?
-1321
In base 15, what is -3 - 244?
-247
In base 9, what is -4 + -1242?
-1246
In base 8, what is 247 + 31?
300
In base 5, what is -334044 + 10?
-334034
In base 16, what is 44 - -13?
57
In base 10, what is 3 - -1492?
1495
In base 3, what is -2 - -222020?
222011
In base 14, what is -dd - -1?
-dc
In base 5, what is 3 - -10130?
10133
In base 16, what is 1c + ae?
ca
In base 13, what is 194 + -14?
180
In base 9, what is -162 + 3?
-158
In base 3, what is -2 + 102001?
101222
In base 8, what is 141 + -10?
131
In base 11, what is 5 + 694?
699
In base 4, what is -3 + -3032?
-3101
In base 14, what is 0 + -2d?
-2d
In base 10, what is 3 - 30?
-27
In base 8, what is -114 + -2?
-116
In base 13, what is -16 - -6?
-10
In base 4, what is -111 + -111?
-222
In base 6, what is -11 - -1?
-10
In base 2, what is -100101000101 - 10?
-100101000111
In base 2, what is 11 + 1010010?
1010101
In base 8, what is 60407 + 0?
60407
In base 9, what is -2875 - 2?
-2877
In base 6, what is -55 - 10?
-105
In base 13, what is -5 + -165?
-16a
In base 13, what is -7 - -99?
92
In base 3, what is 10112 + -100?
10012
In base 6, what is 4 + 202?
210
In base 8, what is -5 + 43?
36
In base 14, what is -4 - 2b40?
-2b44
In base 16, what is 259 - 1?
258
In base 15, what is